 c(m) = -737*m**2 + 11870*m - 22. Give c(16).
1226
Let q(b) = -69*b + 573. Give q(14).
-393
Let l(s) = 289*s - 13592. Calculate l(47).
-9
Let w(p) = -p**2 + 8393*p - 67085. What is w(8)?
-5
Let u(q) = -78876*q + 631012. Calculate u(8).
4
Let q(r) = -2*r**3 - 593*r**2 - 1804*r - 86. Determine q(-3).
43
Let c(t) = 6*t**3 - 306*t**2 - 20*t + 1169. Calculate c(51).
149
Let o(k) = 25433*k - 254912. Calculate o(10).
-582
Let l(x) = -3*x**2 - 270*x - 4068. Give l(-85).
-2793
Let x(j) = j**3 + 10*j**2 - 47*j - 187. Give x(-13).
-83
Let d(i) = -55222*i - 4307271. Calculate d(-78).
45
Let a(s) = 2*s**3 - 448*s**2 + 3905*s - 307. Determine a(9).
8
Let w(q) = 9419*q + 11039057. What is w(-1172)?
-11
Let w(r) = 27*r**3 - 2*r**2 + 88*r - 424. Give w(5).
3341
Let m(k) = -k**3 + 73*k**2 + 567*k - 554. Give m(80).
6
Let f(t) = t**3 + 25*t**2 - 1909*t + 40. Determine f(-58).
-250
Let y(w) = -4962*w + 9902. What is y(2)?
-22
Let z(u) = 43*u**2 + 840*u + 324. Calculate z(-20).
724
Let z(v) = v**3 - 37*v**2 + 27*v + 126. Give z(36).
-198
Let v(s) = -149*s**2 - 1073*s - 55. Calculate v(-7).
155
Let f(r) = -2*r**3 + 94*r**2 + 4*r + 358. Determine f(47).
546
Let s(u) = -u**3 + 12*u**2 - 521*u + 4620. Give s(9).
174
Let b(s) = 2*s**3 + 461*s**2 + 708*s + 2021. Determine b(-229).
-2788
Let n(j) = 4*j**3 + 65*j**2 + 236*j - 37. What is n(-4)?
-197
Let h(w) = -8680*w - 51121. What is h(-6)?
959
Let n(j) = -26*j**3 + 489*j**2 + 46*j + 940. Calculate n(19).
9
Let n(o) = o**2 - 8131*o + 186489. What is n(23)?
5
Let g(h) = -73*h**2 - 224*h + 1284. What is g(-6)?
0
Let d(a) = -96898*a + 2034853. What is d(21)?
-5
Let s(t) = 53*t**2 - 438*t + 723. Calculate s(11).
2318
Let d(z) = -9224*z - 562690. What is d(-61)?
-26
Let y(i) = 2*i**2 + 5749*i - 57698. Give y(10).
-8
Let z(k) = -2*k**2 + 156*k + 19853. What is z(146)?
-3
Let l(a) = 2*a**2 + 23*a - 2007. Give l(-38).
7
Let a(o) = -o**3 - 8*o**2 + 61*o - 593. Determine a(-12).
-749
Let p(a) = -7*a**2 + 11*a + 240. Give p(-10).
-570
Let v(n) = 8109*n + 89230. What is v(-11)?
31
Let x(p) = -2*p**3 + 35*p**2 + 25*p - 445. What is x(18)?
-319
Let w(i) = -i**3 + 241*i**2 + 934*i - 17. Determine w(-4).
167
Let v(k) = -k**3 + 54*k**2 - 10187*k + 604305. Calculate v(58).
3
Let j(r) = -4*r**2 - 448*r - 11964. Determine j(-44).
4
Let y(x) = 24*x**2 - 282*x + 876. What is y(6)?
48
Let x(n) = 119*n + 2588. Determine x(-21).
89
Let v(b) = -17*b**2 + 1993*b - 18252. What is v(10)?
-22
Let z(t) = -105463*t - 9386204. Determine z(-89).
3
Let p(a) = -91*a**2 + 148*a - 605. Calculate p(4).
-1469
Let a(p) = 7*p**2 + 40*p - 444985. Calculate a(-255).
-10
Let y(k) = 539*k - 41294. What is y(78)?
748
Let j(s) = -7054*s - 909969. What is j(-129)?
-3
Let a(q) = 328*q**2 - 12795*q + 192. Calculate a(39).
75
Let k(y) = -234189*y - 2576077. Calculate k(-11).
2
Let n(q) = 2350*q**2 - 14007*q - 91. Give n(6).
467
Let g(u) = -5250*u + 20710. Determine g(4).
-290
Let f(g) = 4839*g - 101604. Calculate f(21).
15
Let k(z) = 17*z**2 + 906*z - 1881. Give k(2).
-1
Let y(f) = -81*f**3 - 14*f + 27. Determine y(2).
-649
Let h(d) = -4*d**2 - 454*d - 7633. Give h(-21).
137
Let j(c) = -6*c**3 - 123*c**2 - 454*c + 115. What is j(-14)?
-1173
Let l(z) = z**3 - 8*z**2 - 33*z + 85. Calculate l(10).
-45
Let t(w) = w**3 + 13*w**2 - 52*w - 14. Calculate t(-16).
50
Let j(w) = -w**3 + 604*w - 77. What is j(25)?
-602
Let w(m) = 2*m**2 + 311*m - 10497. Determine w(-186).
849
Let u(z) = 2*z**3 - 1421*z**2 - 5719*z - 13. What is u(-4)?
-1
Let o(a) = -a**3 - 49*a**2 + 940*a + 246. Calculate o(15).
-54
Let h(z) = -13*z**3 - 18*z**2 - 567*z + 1139. Determine h(2).
-171
Let q(u) = 74*u**2 - 5066*u + 44890. Determine q(58).
-2
Let n(c) = c**3 + 58*c**2 - 3263*c + 4585. Determine n(34).
-5
Let d(s) = 4*s**3 - 146*s**2 + 335*s - 15210. Calculate d(37).
-77
Let u(b) = -44992*b + 134940. What is u(3)?
-36
Let h(q) = 17*q**2 + 1170*q - 198. What is h(-69)?
9
Let q(d) = -2*d**3 - 403*d**2 - 215*d - 2577. Calculate q(-201).
237
Let l(q) = -9108*q - 18212. What is l(-2)?
4
Let p(a) = 28*a**2 + 541*a + 1110. What is p(-17)?
5
Let k(j) = 28322*j + 3993409. What is k(-141)?
7
Let y(w) = -2*w**3 - 1112*w**2 + 6652*w + 544. What is y(6)?
-8
Let l(u) = -500*u**2 + 1495*u - 7. Determine l(3).
-22
Let q(y) = 56220*y - 281100. Give q(5).
0
Let o(z) = -48*z**2 + 7473*z - 5250. Calculate o(155).
-135
Let p(m) = -m**3 - 4*m**2 - 348*m - 2657. Determine p(-7).
-74
Let x(m) = 7576*m + 75759. Calculate x(-10).
-1
Let c(d) = 3999*d - 783807. What is c(196)?
-3
Let o(s) = -304*s - 31983. What is o(-105)?
-63
Let d(a) = -10*a**2 + 187*a + 904. What is d(-5)?
-281
Let j(f) = 27070*f + 785032. Determine j(-29).
2
Let k(s) = 3160*s - 25852. Determine k(8).
-572
Let b(a) = 5*a**3 + 429*a**2 + 307*a - 402. Determine b(-85).
2403
Let z(r) = -r**3 - 172*r**2 - 420*r - 13643. Give z(-170).
-43
Let p(k) = -k**2 + 187*k - 4467. What is p(159)?
-15
Let d(g) = 369*g + 23261. Give d(-64).
-355
Let i(l) = -l**3 - 70*l**2 - 226*l + 2526. Give i(-66).
18
Let b(c) = -3*c**3 + 501*c**2 - 3811*c - 800. What is b(159)?
-5
Let v(m) = 4*m**2 - 46*m - 10185. Calculate v(-45).
-15
Let q(n) = n**3 + 14*n**2 - 31*n - 281. Give q(-13).
291
Let x(l) = 3925*l + 7787. Calculate x(-2).
-63
Let l(y) = y**3 + 29*y**2 - 52*y + 67. Give l(-31).
-243
Let y(t) = -76531*t - 306119. What is y(-4)?
5
Let g(n) = 31*n**3 - 1698*n**2 - 377*n - 423. Calculate g(55).
17
Let m(o) = -3*o**3 + 253*o**2 + 467*o - 597. Calculate m(86).
2585
Let w(y) = 12*y**3 - 79*y**2 + 6*y - 88. Give w(9).
2315
Let z(g) = 11*g**2 + 626*g + 46. Calculate z(-57).
103
Let y(p) = -p**3 + 284*p**2 - p + 208. Calculate y(284).
-76
Let v(n) = -44*n**3 - 6*n**2 + 265*n + 847. Calculate v(-3).
1186
Let i(v) = -2*v**3 - 146*v**2 + 502*v + 55802. What is i(-71)?
-4
Let h(t) = 186*t**3 + 927*t**2 - 209*t - 969. Give h(-5).
1
Let l(n) = 2969*n + 91835. Give l(-31).
-204
Let h(j) = 28*j**2 + 851*j - 544. Calculate h(-31).
-17
Let w(q) = 1728*q**2 - 17322*q + 13. Calculate w(10).
-407
Let v(s) = -74*s**2 - 400*s - 146. What is v(-5)?
4
Let o(u) = u**2 + 25264*u + 4440448. What is o(-177)?
49
Let q(y) = 3500127*y + 24500894. Calculate q(-7).
5
Let t(m) = -5*m**3 + 26*m**2 - 7*m - 11. Give t(2).
39
Let r(f) = -11*f**2 + 2969*f - 178. Calculate r(270).
-448
Let w(z) = 2*z**2 - 10310*z + 490288. Determine w(48).
16
Let g(k) = 84685*k - 338756. Give g(4).
-16
Let z(l) = l**2 + 213*l + 15613. Determine z(-84).
4777
Let i(m) = -65*m**3 - 334*m**2 + 91*m + 402. What is i(-5)?
-278
Let k(c) = 63*c**2 - 1248*c + 5958. Calculate k(8).
6
Let n(d) = -108*d**2 + 2710*d + 88. Calculate n(25).
338
Let g(j) = -j**3 + 178*j**2 - 3276*j + 18357. What is g(158)?
29
Let i(b) = b**2 + 635*b + 76960. Determine i(-163).
24
Let b(w) = -8*w**2 + 979*w + 65. Calculate b(122).
431
Let g(t) = -575*t + 58188. What is g(101)?
113
Let a(n) = 2*n**3 - 29*n**2 + 3*n - 52. Calculate a(15).
218
Let g(x) = 15*x**2 + 1017*x + 4030. Give g(-4).
202
Let p(y) = -y**3 + 15*y**2 + 23*y - 217. Calculate p(5).
148
Let h(i) = 15*i**2 + 93*i - 1948. What is h(9)?
104
Let u(r) = -7391*r + 66654. Calculate u(9).
135
Let r(w) = -80*w**2 + 338*w - 1657. Calculate r(5).
-1967
Let v(b) = -b**3 + 118*b**2 + 173*b + 8039. What is v(120)?
-1
Let r(b) = -b**3 - 132*b**2 + 3212*b - 87. Determine r(21).
-108
Let q(i) = -29*i + 1787. Give q(29).
946
Let v(s) = -s**2 - 11516*s - 2129671. What is v(-188)?
-7
Let g(x) = 3048*x + 33411. What is g(-11)?
-117
Let n(t) = 6*t**2 - 434*t + 5245. Calculate n(57).
1
Let r(f) = f**3 + 60*f**2 + 851*f + 9544. Give r(-46).
22
Let o(i) = -i**3 + 24*i**2 + 12*i + 217. Determine o(25).
-108
Let j(y) = -4645*y - 139409. What is j(-30)?
-59
Let r(a) = -a**3 - 39*a**2 - 197*a + 5. Give r(-6).
-1
Let d(z) = -3*z**3 + 94*z**2 + 338*z - 88. What is d(-4)?
256
Let h(l) = 3*l**2 - 180*l + 124. Give h(61).
307
Let a(z) = 2*z**3 + 4*z**2 - 374*z - 1510. Calculate a(-4).
-78
Let l(y) = -1849*y - 359933. Determine l(-195).
622
Let m(h) = 553*h + 3637. Determine m(-6).
319
Let l(t) = 24678*t + 764979. Give l(-31).
-39
Let i(p) = p**3 - 1693*p**2 + 54775*p + 155. Give i(33).
-10
Let p(v) = -v**3 + 1279*v**2 + 47343*v + 221. Determine p(-36).
113
Let b(h) = -4*h**3 - 20*h**2 - 76*h - 923. Calculate b(-7).
1
Let z(b) = -383*b + 8